n 48 is divided by 26?
22
What is the remainder when 1220 is divided by 7?
2
Calculate the remainder when 65 is divided by 34.
31
Calculate the remainder when 111 is divided by 60.
51
What is the remainder when 161 is divided by 11?
7
Calculate the remainder when 1172 is divided by 383.
23
What is the remainder when 123 is divided by 31?
30
What is the remainder when 2261 is divided by 58?
57
Calculate the remainder when 364 is divided by 75.
64
Calculate the remainder when 108 is divided by 19.
13
What is the remainder when 605 is divided by 58?
25
Calculate the remainder when 6222 is divided by 83.
80
What is the remainder when 750 is divided by 126?
120
Calculate the remainder when 210 is divided by 27.
21
Calculate the remainder when 143 is divided by 31.
19
Calculate the remainder when 901 is divided by 11.
10
What is the remainder when 63 is divided by 28?
7
What is the remainder when 2891 is divided by 15?
11
Calculate the remainder when 369 is divided by 53.
51
Calculate the remainder when 518 is divided by 145.
83
Calculate the remainder when 1992 is divided by 68.
20
What is the remainder when 101 is divided by 27?
20
What is the remainder when 9174 is divided by 148?
146
Calculate the remainder when 72 is divided by 33.
6
What is the remainder when 1574 is divided by 774?
26
What is the remainder when 3687 is divided by 176?
167
What is the remainder when 95 is divided by 39?
17
What is the remainder when 921 is divided by 28?
25
What is the remainder when 411 is divided by 93?
39
Calculate the remainder when 1179 is divided by 26.
9
Calculate the remainder when 66 is divided by 23.
20
What is the remainder when 1321 is divided by 58?
45
Calculate the remainder when 2573 is divided by 259.
242
What is the remainder when 124 is divided by 46?
32
Calculate the remainder when 1047 is divided by 25.
22
Calculate the remainder when 6404 is divided by 149.
146
What is the remainder when 143 is divided by 56?
31
What is the remainder when 443 is divided by 9?
2
Calculate the remainder when 18 is divided by 10.
8
Calculate the remainder when 338 is divided by 17.
15
Calculate the remainder when 340 is divided by 157.
26
What is the remainder when 158 is divided by 69?
20
What is the remainder when 959 is divided by 16?
15
What is the remainder when 359 is divided by 73?
67
What is the remainder when 656 is divided by 65?
6
Calculate the remainder when 7504 is divided by 6.
4
Calculate the remainder when 1858 is divided by 928.
2
Calculate the remainder when 1012 is divided by 30.
22
What is the remainder when 1138 is divided by 50?
38
What is the remainder when 324 is divided by 21?
9
Calculate the remainder when 4078 is divided by 339.
10
Calculate the remainder when 417 is divided by 20.
17
Calculate the remainder when 372 is divided by 55.
42
Calculate the remainder when 51 is divided by 25.
1
Calculate the remainder when 258 is divided by 29.
26
What is the remainder when 298 is divided by 93?
19
What is the remainder when 6167 is divided by 51?
47
What is the remainder when 1757 is divided by 40?
37
Calculate the remainder when 245 is divided by 54.
29
Calculate the remainder when 1336 is divided by 16.
8
Calculate the remainder when 530 is divided by 101.
25
What is the remainder when 15 is divided by 9?
6
Calculate the remainder when 124 is divided by 60.
4
Calculate the remainder when 86 is divided by 9.
5
Calculate the remainder when 29201 is divided by 98.
95
What is the remainder when 79 is divided by 29?
21
Calculate the remainder when 94 is divided by 47.
0
What is the remainder when 1870 is divided by 104?
102
Calculate the remainder when 98 is divided by 38.
22
Calculate the remainder when 109 is divided by 6.
1
What is the remainder when 1502 is divided by 14?
4
Calculate the remainder when 1131 is divided by 22.
9
Calculate the remainder when 40 is divided by 23.
17
Calculate the remainder when 397 is divided by 58.
49
Calculate the remainder when 171 is divided by 40.
11
Calculate the remainder when 1115 is divided by 34.
27
What is the remainder when 107 is divided by 12?
11
Calculate the remainder when 2772 is divided by 106.
16
Calculate the remainder when 1106 is divided by 41.
40
Calculate the remainder when 201 is divided by 76.
49
What is the remainder when 105 is divided by 18?
15
Calculate the remainder when 354 is divided by 90.
84
What is the remainder when 536 is divided by 90?
86
Calculate the remainder when 270 is divided by 60.
30
What is the remainder when 1131 is divided by 46?
27
Calculate the remainder when 294 is divided by 118.
58
What is the remainder when 106 is divided by 32?
10
What is the remainder when 399 is divided by 13?
9
Calculate the remainder when 132 is divided by 129.
3
What is the remainder when 381 is divided by 180?
21
Calculate the remainder when 405 is divided by 111.
72
What is the remainder when 138 is divided by 73?
65
Calculate the remainder when 827 is divided by 18.
17
Calculate the remainder when 664 is divided by 119.
69
What is the remainder when 3113 is divided by 82?
79
What is the remainder when 599 is divided by 143?
27
What is the remainder when 707 is divided by 10?
7
Calculate the remainder when 1152 is divided by 21.
18
Calculate the remainder when 131 is divided by 3.
2
Calculate the remainder when 9538 is divided by 15.
13
Calculate the remainder when 26078 is divided by 161.
157
What is the remainder when 2398 is divided by 27?
22
What is the remainder when 87 is divided by 24?
15
What is the remainder when 495 is divided by 72?
63
Calculate the remainder when 1067 is divided by 107.
104
Calculate the remainder when 177 is divided by 30.
27
Calculate the remainder when 40 is divided by 14.
12
What is the remainder when 9596 is divided by 300?
296
What is the remainder when 42494 is divided by 83?
81
What is the remainder when 3406 is divided by 112?
46
Calculate the remainder when 2366 is divided by 148.
146
Calculate the remainder when 1346 is divided by 90.
86
Calculate the remainder when 84 is divided by 46.
38
What is the remainder when 775 is divided by 71?
65
What is the remainder when 619 is divided by 26?
21
Calculate the remainder when 5633 is divided by 281.
13
Calculate the remainder when 332 is divided by 51.
26
What is the remainder when 1596 is divided by 58?
30
Calculate the remainder when 209 is divided by 66.
11
What is the remainder when 238 is divided by 233?
5
Calculate the remainder when 3504 is divided by 21.
18
What is the remainder when 58 is divided by 5?
3
What is the remainder when 209 is divided by 14?
13
Calculate the remainder when 41 is divided by 24.
17
What is the remainder when 581 is divided by 28?
21
Calculate the remainder when 47088 is divided by 31.
30
What is the remainder when 57 is divided by 21?
15
What is the remainder when 118 is divided by 24?
22
What is the remainder when 561 is divided by 73?
50
What is the remainder when 5714 is divided by 150?
14
Calculate the remainder when 1457 is divided by 154.
71
Calculate the remainder when 579 is divided by 31.
21
What is the remainder when 14302 is divided by 96?
94
Calculate the remainder when 74 is divided by 20.
14
What is the remainder when 31649 is divided by 15?
14
Calculate the remainder when 1089 is divided by 361.
6
What is the remainder when 1435 is divided by 425?
160
Calculate the remainder when 142 is divided by 10.
2
Calculate the remainder when 394 is divided by 194.
6
Calculate the remainder when 257 is divided by 68.
53
What is the remainder when 2089 is divided by 2074?
15
What is the remainder when 950 is divided by 106?
102
What is the remainder when 112 is divided by 58?
54
Calculate the remainder when 689 is divided by 18.
5
Calculate the remainder when 2285 is divided by 229.
224
What is the remainder when 83 is divided by 39?
5
What is the remainder when 285 is divided by 16?
13
Calculate the remainder when 455 is divided by 151.
2
What is the remainder when 405 is divided by 42?
27
Calculate the remainder when 304 is divided by 137.
30
What is the remainder when 17949 is divided by 204?
201
What is the remainder when 36 is divided by 17?
2
Calculate the remainder when 211 is divided by 64.
19
Calculate the remainder when 468 is divided by 47.
